{"id":226,"date":"2021-01-15T14:20:02","date_gmt":"2021-01-15T13:20:02","guid":{"rendered":"http:\/\/garobulles.com\/?post_type=product&#038;p=226"},"modified":"2026-04-10T12:03:00","modified_gmt":"2026-04-10T10:03:00","slug":"savon-liquide-orange","status":"publish","type":"product","link":"https:\/\/garobulles.com\/index.php\/produit\/savon-liquide-orange\/","title":{"rendered":"Savon Liquide P&rsquo;ti Antoine Orange douce &#038; Petitgrain bigaradier 500ml 2L 5L et 10L"},"content":{"rendered":"<p>Pour une douche relaxante et apaisante, craquez pour P&rsquo;ti Antoine orange douce et petitgrain bigaradier !<\/p>\n<p>P&rsquo;ti Antoine est un savon liquide bio formul\u00e9 \u00e0 base d&rsquo;huiles saponifi\u00e9es, dont 70% sont produites localement.<\/p>\n<p>Riche en glyc\u00e9rine, ce savon liquide hydrate votre peau en douceur. Bien-\u00eatre et confort garantis !<\/p>\n<p>P&rsquo;ti Antoine est saponifi\u00e9 \u00e0 chaud, \u00e0 la main, dans mon atelier. Son emballage made in France est compostable en centre de tri. Pensez aux recharges de 2L 5L et 10L<\/p>\n<p><span class=\"h2\">NOS CONSEILS D&rsquo;UTILISATION<\/span><\/p>\n<p>Pr\u00e9levez une petite quantit\u00e9 de savon dans votre main gr\u00e2ce \u00e0 la pompe du flacon et faites mousser sur peau mouill\u00e9e.<\/p>\n<p>Rincez soigneusement \u00e0 l&rsquo;eau claire.<\/p>\n<p>Composition : Eau, Huile de colza* saponifi\u00e9e, glyc\u00e9rine*, huile de coco* saponifi\u00e9e, huile de ricin* saponifi\u00e9e, huile essentielle d\u2019orange*, acide citrique, gomme de guar*, huile essentielle de petitgrain bigaradier*, limon\u00e8ne**, linalool**<\/p>\n<p>Ingredients : Aqua, Potassium Rapeseedate*, Glycerin*, Potassium Cocoate*, Potassium Castorate*, Citrus Sinensis Peel Oil Expressed*, Citric Acid, Cyamopsis Tetragonoloba Gum*,\u00a0Citrus Aurantium amara Leaf\/Twig Oil*, Limonene**, Linalool**.<\/p>\n<p>*issu de l\u2019agriculture biologique\u00a0 **pr\u00e9sent naturellement<\/p>\n<p><span data-contrast=\"auto\">Contient des Huiles Essentielles ;<\/span><span data-contrast=\"none\">\u00a0ne convient pas aux femmes enceintes et allaitantes ainsi qu\u2019aux enfants de moins de 3 ans.<\/span><span data-ccp-props=\"{&quot;201341983&quot;:0,&quot;335551550&quot;:1,&quot;335551620&quot;:1,&quot;335559739&quot;:160,&quot;335559740&quot;:259}\">\u00a0<\/span><\/p>\n","protected":false},"excerpt":{"rendered":"<p>Un savon apaisant et relaxant !<\/p>\n<p>Savon liquide pour le corps saponifi\u00e9 par cuisson au chaudron. il est parfum\u00e9 \u00e0 l\u2019orange douce et au petitgrain bigaradier.<br \/>\nExiste en recharge de 2L 5L et 10L.<\/p>\n<p>&nbsp;<\/p>\n","protected":false},"featured_media":3351,"template":"","meta":[],"product_brand":[],"product_cat":[23],"product_tag":[],"class_list":{"0":"post-226","1":"product","2":"type-product","3":"status-publish","4":"has-post-thumbnail","6":"product_cat-savons-liquides","8":"entry","9":"has-media","11":"first","12":"instock","13":"taxable","14":"shipping-taxable","15":"purchasable","16":"product-type-variable","17":"has-rating","18":"has-product-nav","19":"col","20":"span_1_of_3","21":"owp-content-center","22":"owp-thumbs-layout-horizontal","23":"owp-btn-normal","24":"owp-tabs-layout-horizontal","25":"has-no-thumbnails"},"yoast_head":"<!-- This site is optimized with the Yoast SEO plugin v27.4 - https:\/\/yoast.com\/product\/yoast-seo-wordpress\/ -->\n<title>savon liquide P&#039;ti Antoine orange douce et petitgrain bigaradier<\/title>\n<meta name=\"description\" content=\"savon liquide P&#039;ti Antoine pour le corps riche en glyc\u00e9rine et hydratant , parfum\u00e9 \u00e0 l&#039;orange douce et au petitgrain bigaradier existe en 500ml 2L 5L et 10L\" \/>\n<meta name=\"robots\" content=\"index, follow, max-snippet:-1, max-image-preview:large, max-video-preview:-1\" \/>\n<link rel=\"canonical\" href=\"https:\/\/garobulles.com\/index.php\/produit\/savon-liquide-orange\/\" \/>\n<meta property=\"og:locale\" content=\"fr_FR\" \/>\n<meta property=\"og:type\" content=\"article\" \/>\n<meta property=\"og:title\" content=\"savon liquide P&#039;ti Antoine orange douce et petitgrain bigaradier\" \/>\n<meta property=\"og:description\" content=\"savon liquide P&#039;ti Antoine pour le corps riche en glyc\u00e9rine et hydratant , parfum\u00e9 \u00e0 l&#039;orange douce et au petitgrain bigaradier existe en 500ml 2L 5L et 10L\" \/>\n<meta property=\"og:url\" content=\"https:\/\/garobulles.com\/index.php\/produit\/savon-liquide-orange\/\" \/>\n<meta property=\"og:site_name\" content=\"Savonnerie garobulles\" \/>\n<meta property=\"article:modified_time\" content=\"2026-04-10T10:03:00+00:00\" \/>\n<meta property=\"og:image\" content=\"https:\/\/garobulles.com\/wp-content\/uploads\/2021\/01\/IMG20250131111304-1-1-scaled-e1738322107642.jpg\" \/>\n\t<meta property=\"og:image:width\" content=\"1642\" \/>\n\t<meta property=\"og:image:height\" content=\"2380\" \/>\n\t<meta property=\"og:image:type\" content=\"image\/jpeg\" \/>\n<meta name=\"twitter:card\" content=\"summary_large_image\" \/>\n<meta name=\"twitter:label1\" content=\"Dur\u00e9e de lecture estim\u00e9e\" \/>\n\t<meta name=\"twitter:data1\" content=\"2 minutes\" \/>\n<script type=\"application\/ld+json\" class=\"yoast-schema-graph\">{\"@context\":\"https:\\\/\\\/schema.org\",\"@graph\":[{\"@type\":\"WebPage\",\"@id\":\"https:\\\/\\\/garobulles.com\\\/index.php\\\/produit\\\/savon-liquide-orange\\\/\",\"url\":\"https:\\\/\\\/garobulles.com\\\/index.php\\\/produit\\\/savon-liquide-orange\\\/\",\"name\":\"savon liquide P'ti Antoine orange douce et petitgrain bigaradier\",\"isPartOf\":{\"@id\":\"https:\\\/\\\/garobulles.com\\\/#website\"},\"primaryImageOfPage\":{\"@id\":\"https:\\\/\\\/garobulles.com\\\/index.php\\\/produit\\\/savon-liquide-orange\\\/#primaryimage\"},\"image\":{\"@id\":\"https:\\\/\\\/garobulles.com\\\/index.php\\\/produit\\\/savon-liquide-orange\\\/#primaryimage\"},\"thumbnailUrl\":\"https:\\\/\\\/i0.wp.com\\\/garobulles.com\\\/wp-content\\\/uploads\\\/2021\\\/01\\\/IMG20250131111304-1-1-scaled-e1738322107642.jpg?fit=1642%2C2380&ssl=1\",\"datePublished\":\"2021-01-15T13:20:02+00:00\",\"dateModified\":\"2026-04-10T10:03:00+00:00\",\"description\":\"savon liquide P'ti Antoine pour le corps riche en glyc\u00e9rine et hydratant , parfum\u00e9 \u00e0 l'orange douce et au petitgrain bigaradier existe en 500ml 2L 5L et 10L\",\"breadcrumb\":{\"@id\":\"https:\\\/\\\/garobulles.com\\\/index.php\\\/produit\\\/savon-liquide-orange\\\/#breadcrumb\"},\"inLanguage\":\"fr-FR\",\"potentialAction\":[{\"@type\":\"ReadAction\",\"target\":[\"https:\\\/\\\/garobulles.com\\\/index.php\\\/produit\\\/savon-liquide-orange\\\/\"]}]},{\"@type\":\"ImageObject\",\"inLanguage\":\"fr-FR\",\"@id\":\"https:\\\/\\\/garobulles.com\\\/index.php\\\/produit\\\/savon-liquide-orange\\\/#primaryimage\",\"url\":\"https:\\\/\\\/i0.wp.com\\\/garobulles.com\\\/wp-content\\\/uploads\\\/2021\\\/01\\\/IMG20250131111304-1-1-scaled-e1738322107642.jpg?fit=1642%2C2380&ssl=1\",\"contentUrl\":\"https:\\\/\\\/i0.wp.com\\\/garobulles.com\\\/wp-content\\\/uploads\\\/2021\\\/01\\\/IMG20250131111304-1-1-scaled-e1738322107642.jpg?fit=1642%2C2380&ssl=1\",\"width\":1642,\"height\":2380,\"caption\":\"savon liquide p'ti antoine orange\"},{\"@type\":\"BreadcrumbList\",\"@id\":\"https:\\\/\\\/garobulles.com\\\/index.php\\\/produit\\\/savon-liquide-orange\\\/#breadcrumb\",\"itemListElement\":[{\"@type\":\"ListItem\",\"position\":1,\"name\":\"Accueil\",\"item\":\"https:\\\/\\\/garobulles.com\\\/\"},{\"@type\":\"ListItem\",\"position\":2,\"name\":\"Boutique\",\"item\":\"https:\\\/\\\/garobulles.com\\\/index.php\\\/boutique-garobulles\\\/\"},{\"@type\":\"ListItem\",\"position\":3,\"name\":\"Savon Liquide P&rsquo;ti Antoine Orange douce &#038; Petitgrain bigaradier 500ml 2L 5L et 10L\"}]},{\"@type\":\"WebSite\",\"@id\":\"https:\\\/\\\/garobulles.com\\\/#website\",\"url\":\"https:\\\/\\\/garobulles.com\\\/\",\"name\":\"Savonnerie garobulles\",\"description\":\"&quot;Une exp\u00e9rience sensorielle, un moment de bien \u00eatre.\",\"publisher\":{\"@id\":\"https:\\\/\\\/garobulles.com\\\/#organization\"},\"potentialAction\":[{\"@type\":\"SearchAction\",\"target\":{\"@type\":\"EntryPoint\",\"urlTemplate\":\"https:\\\/\\\/garobulles.com\\\/?s={search_term_string}\"},\"query-input\":{\"@type\":\"PropertyValueSpecification\",\"valueRequired\":true,\"valueName\":\"search_term_string\"}}],\"inLanguage\":\"fr-FR\"},{\"@type\":\"Organization\",\"@id\":\"https:\\\/\\\/garobulles.com\\\/#organization\",\"name\":\"Savonnerie garobulles\",\"url\":\"https:\\\/\\\/garobulles.com\\\/\",\"logo\":{\"@type\":\"ImageObject\",\"inLanguage\":\"fr-FR\",\"@id\":\"https:\\\/\\\/garobulles.com\\\/#\\\/schema\\\/logo\\\/image\\\/\",\"url\":\"https:\\\/\\\/i0.wp.com\\\/garobulles.com\\\/wp-content\\\/uploads\\\/2020\\\/10\\\/cropped-garobulle-blanc-4.png?fit=582%2C524&ssl=1\",\"contentUrl\":\"https:\\\/\\\/i0.wp.com\\\/garobulles.com\\\/wp-content\\\/uploads\\\/2020\\\/10\\\/cropped-garobulle-blanc-4.png?fit=582%2C524&ssl=1\",\"width\":582,\"height\":524,\"caption\":\"Savonnerie garobulles\"},\"image\":{\"@id\":\"https:\\\/\\\/garobulles.com\\\/#\\\/schema\\\/logo\\\/image\\\/\"}}]}<\/script>\n<!-- \/ Yoast SEO plugin. -->","yoast_head_json":{"title":"savon liquide P'ti Antoine orange douce et petitgrain bigaradier","description":"savon liquide P'ti Antoine pour le corps riche en glyc\u00e9rine et hydratant , parfum\u00e9 \u00e0 l'orange douce et au petitgrain bigaradier existe en 500ml 2L 5L et 10L","robots":{"index":"index","follow":"follow","max-snippet":"max-snippet:-1","max-image-preview":"max-image-preview:large","max-video-preview":"max-video-preview:-1"},"canonical":"https:\/\/garobulles.com\/index.php\/produit\/savon-liquide-orange\/","og_locale":"fr_FR","og_type":"article","og_title":"savon liquide P'ti Antoine orange douce et petitgrain bigaradier","og_description":"savon liquide P'ti Antoine pour le corps riche en glyc\u00e9rine et hydratant , parfum\u00e9 \u00e0 l'orange douce et au petitgrain bigaradier existe en 500ml 2L 5L et 10L","og_url":"https:\/\/garobulles.com\/index.php\/produit\/savon-liquide-orange\/","og_site_name":"Savonnerie garobulles","article_modified_time":"2026-04-10T10:03:00+00:00","og_image":[{"width":1642,"height":2380,"url":"https:\/\/garobulles.com\/wp-content\/uploads\/2021\/01\/IMG20250131111304-1-1-scaled-e1738322107642.jpg","type":"image\/jpeg"}],"twitter_card":"summary_large_image","twitter_misc":{"Dur\u00e9e de lecture estim\u00e9e":"2 minutes"},"schema":{"@context":"https:\/\/schema.org","@graph":[{"@type":"WebPage","@id":"https:\/\/garobulles.com\/index.php\/produit\/savon-liquide-orange\/","url":"https:\/\/garobulles.com\/index.php\/produit\/savon-liquide-orange\/","name":"savon liquide P'ti Antoine orange douce et petitgrain bigaradier","isPartOf":{"@id":"https:\/\/garobulles.com\/#website"},"primaryImageOfPage":{"@id":"https:\/\/garobulles.com\/index.php\/produit\/savon-liquide-orange\/#primaryimage"},"image":{"@id":"https:\/\/garobulles.com\/index.php\/produit\/savon-liquide-orange\/#primaryimage"},"thumbnailUrl":"https:\/\/i0.wp.com\/garobulles.com\/wp-content\/uploads\/2021\/01\/IMG20250131111304-1-1-scaled-e1738322107642.jpg?fit=1642%2C2380&ssl=1","datePublished":"2021-01-15T13:20:02+00:00","dateModified":"2026-04-10T10:03:00+00:00","description":"savon liquide P'ti Antoine pour le corps riche en glyc\u00e9rine et hydratant , parfum\u00e9 \u00e0 l'orange douce et au petitgrain bigaradier existe en 500ml 2L 5L et 10L","breadcrumb":{"@id":"https:\/\/garobulles.com\/index.php\/produit\/savon-liquide-orange\/#breadcrumb"},"inLanguage":"fr-FR","potentialAction":[{"@type":"ReadAction","target":["https:\/\/garobulles.com\/index.php\/produit\/savon-liquide-orange\/"]}]},{"@type":"ImageObject","inLanguage":"fr-FR","@id":"https:\/\/garobulles.com\/index.php\/produit\/savon-liquide-orange\/#primaryimage","url":"https:\/\/i0.wp.com\/garobulles.com\/wp-content\/uploads\/2021\/01\/IMG20250131111304-1-1-scaled-e1738322107642.jpg?fit=1642%2C2380&ssl=1","contentUrl":"https:\/\/i0.wp.com\/garobulles.com\/wp-content\/uploads\/2021\/01\/IMG20250131111304-1-1-scaled-e1738322107642.jpg?fit=1642%2C2380&ssl=1","width":1642,"height":2380,"caption":"savon liquide p'ti antoine orange"},{"@type":"BreadcrumbList","@id":"https:\/\/garobulles.com\/index.php\/produit\/savon-liquide-orange\/#breadcrumb","itemListElement":[{"@type":"ListItem","position":1,"name":"Accueil","item":"https:\/\/garobulles.com\/"},{"@type":"ListItem","position":2,"name":"Boutique","item":"https:\/\/garobulles.com\/index.php\/boutique-garobulles\/"},{"@type":"ListItem","position":3,"name":"Savon Liquide P&rsquo;ti Antoine Orange douce &#038; Petitgrain bigaradier 500ml 2L 5L et 10L"}]},{"@type":"WebSite","@id":"https:\/\/garobulles.com\/#website","url":"https:\/\/garobulles.com\/","name":"Savonnerie garobulles","description":"&quot;Une exp\u00e9rience sensorielle, un moment de bien \u00eatre.","publisher":{"@id":"https:\/\/garobulles.com\/#organization"},"potentialAction":[{"@type":"SearchAction","target":{"@type":"EntryPoint","urlTemplate":"https:\/\/garobulles.com\/?s={search_term_string}"},"query-input":{"@type":"PropertyValueSpecification","valueRequired":true,"valueName":"search_term_string"}}],"inLanguage":"fr-FR"},{"@type":"Organization","@id":"https:\/\/garobulles.com\/#organization","name":"Savonnerie garobulles","url":"https:\/\/garobulles.com\/","logo":{"@type":"ImageObject","inLanguage":"fr-FR","@id":"https:\/\/garobulles.com\/#\/schema\/logo\/image\/","url":"https:\/\/i0.wp.com\/garobulles.com\/wp-content\/uploads\/2020\/10\/cropped-garobulle-blanc-4.png?fit=582%2C524&ssl=1","contentUrl":"https:\/\/i0.wp.com\/garobulles.com\/wp-content\/uploads\/2020\/10\/cropped-garobulle-blanc-4.png?fit=582%2C524&ssl=1","width":582,"height":524,"caption":"Savonnerie garobulles"},"image":{"@id":"https:\/\/garobulles.com\/#\/schema\/logo\/image\/"}}]}},"jetpack_sharing_enabled":true,"_links":{"self":[{"href":"https:\/\/garobulles.com\/index.php\/wp-json\/wp\/v2\/product\/226","targetHints":{"allow":["GET"]}}],"collection":[{"href":"https:\/\/garobulles.com\/index.php\/wp-json\/wp\/v2\/product"}],"about":[{"href":"https:\/\/garobulles.com\/index.php\/wp-json\/wp\/v2\/types\/product"}],"wp:featuredmedia":[{"embeddable":true,"href":"https:\/\/garobulles.com\/index.php\/wp-json\/wp\/v2\/media\/3351"}],"wp:attachment":[{"href":"https:\/\/garobulles.com\/index.php\/wp-json\/wp\/v2\/media?parent=226"}],"wp:term":[{"taxonomy":"product_brand","embeddable":true,"href":"https:\/\/garobulles.com\/index.php\/wp-json\/wp\/v2\/product_brand?post=226"},{"taxonomy":"product_cat","embeddable":true,"href":"https:\/\/garobulles.com\/index.php\/wp-json\/wp\/v2\/product_cat?post=226"},{"taxonomy":"product_tag","embeddable":true,"href":"https:\/\/garobulles.com\/index.php\/wp-json\/wp\/v2\/product_tag?post=226"}],"curies":[{"name":"wp","href":"https:\/\/api.w.org\/{rel}","templated":true}]}}